et f(a) = 28*a + 58. Suppose -8*q + 30 = -82. What is the tens digit of f(q)?
5
Suppose 0 = 1709*b - 1713*b - 5*j + 118252, -4*j + 59138 = 2*b. What is the hundreds digit of b?
5
Let a = -8 - -10. Suppose 4*n + 226 = a*n. Let j = n + 203. What is the units digit of j?
0
Let x be (-3)/(-5) + 57/5. Let g be (4*x/(-8))/2 + 4. What is the units digit of 94 + 12 + g*-4 + -2?
0
Let m be (1 + 9/15)/((-7)/(-35)). Suppose -5*g = -844 + 249. Suppose -s + g = -5*j, m*s + 125 = 9*s + j. What is the hundreds digit of s?
1
Let g(n) = 2*n - 2. Let m be g(1). Let a(f) = -f**3 - 2*f**2. Let o be a(m). What is the tens digit of 28 + -1 + (o - 1)?
2
What is the units digit of (1015988/84 - -4) + (-870)/(-126) + -7?
9
Suppose -3*t - 2*i + 103 - 603 = 0, t + i + 167 = 0. Let z = 228 + t. What is the tens digit of z?
6
Suppose 3*p - 6 = 4*q - 1, 3*q - 15 = -4*p. Suppose -2789 = -3*t + f - 3*f, -p*t + 2773 = -2*f. What is the tens digit of t?
2
Let n(d) = 20*d - 242. Let g be n(12). What is the tens digit of (-736)/g - (-6 - -4)?
7
Let g(b) = 68*b**2 - 9*b - 9. What is the thousands digit of g(4)?
1
Let a(d) = d**3 - 11*d**2 - 9. Let x be a(11). Suppose 16*n + 135 = -761. What is the units digit of n/(-252) - (493/x + 0)?
5
Suppose -67 + 65 = -r. Suppose r*p + 328 + 14 = 0. What is the hundreds digit of -2 + (-2 - -1 - p)?
1
Suppose 0 = -354*n + 82*n - 1621172 + 12590116. What is the tens digit of n?
2
Let v(p) = -12*p**3 - p**2 + 3. Let a = -47 + 49. Let r be v(a). Let l = r - -253. What is the units digit of l?
6
Let c be (-1104)/(-22) - (-28)/(-154). Suppose -k = -p - c, 0 = 6*p - 3*p - 6. What is the units digit of k?
2
Suppose 0 = -27*b - 10*b. Suppose b*s + 910 = 2*a - 5*s, 0 = -a + 4*s + 452. What is the hundreds digit of a?
4
Suppose -268 = -5*r + 2522. Let v = -83 + r. Suppose m - 6*m = -v. What is the tens digit of m?
9
Suppose -s = 425*x - 420*x - 17115, -3*s - 2*x = -51423. What is the tens digit of s?
4
Let p(u) = 5*u - 114 + 215 + 24*u**2 + 0*u**3 + u**3 - 109. What is the tens digit of p(-23)?
0
Let s be 33/9 + (-2)/(-6). Suppose 2 = -b, -4*x + 4*b + 49 - 25 = 0. Suppose s*q + 89 = 3*o, x = 4*q - 0. What is the units digit of o?
1
Let l = -27 - -31. Let t = l - 4. Suppose t = -2*g - 0*g + 118. What is the tens digit of g?
5
Let p be ((-2)/6)/((-16)/96). Let k(x) = 21 + 5*x - 9 + p*x - x. What is the units digit of k(3)?
0
Let b be (-6 - -10) + 0 + 1. Suppose b*u + 10 = -2*n - 4, 4*u + 4 = -4*n. Suppose -n*j + 201 = 3*q, 0 = 4*j - j + q - 211. What is the units digit of j?
2
Let l(b) = -b**2 + 38 + 18*b + 0 - 4. What is the tens digit of l(15)?
7
Suppose 0*l + 4*l - 12120 = -2*r, 0 = -5*l - 3*r + 15152. Let h = l + -1781. What is the thousands digit of h?
1
Suppose -h + 4*u - u = -1632, 5*h - 8170 = 5*u. What is the units digit of (10 - 26)/(3 + h/(-543))?
8
Suppose 67*v = 65*v + 23220. Suppose 9*a + 6*a = v. What is the units digit of a?
4
Suppose -4*v - 3642 = -3*g - 5*v, 2*v = -12. What is the hundreds digit of g?
2
What is the units digit of 20/25 - ((-76132)/10 - 2)?
6
Let j(v) = v**2 - 5*v - 8. Let g be j(5). Let s = -12 + g. Let l = 61 + s. What is the tens digit of l?
4
Let a be ((0 + 0)/(-1))/3. Suppose 5*w - 129 + 99 = a. Suppose -w*v = 23 - 551. What is the tens digit of v?
8
Suppose -529 = 2*f - 213. Let w = -137 - f. What is the tens digit of w?
2
Suppose 4*k + 60 = -4*c, -3*c = -k - 34 + 3. What is the units digit of (8/52 - k/(-39))*-3165?
5
Let d(c) = -27*c + 2*c - 4 + 4*c. Suppose -19*f - 801 = -668. What is the hundreds digit of d(f)?
1
Let d = 11075 + -5485. What is the thousands digit of d?
5
Let q = 7391 - 4042. What is the units digit of q?
9
Suppose 312*k - 120*k - 797524 - 511532 = 0. What is the hundreds digit of k?
8
Let t be (-180)/105*(-28)/6. Let p(v) = 2*v**2 - 15*v - 4. Let x be p(t). What is the hundreds digit of (14110/70 - 6/(-14)) + x?
2
Suppose 4*l - 3*t = -5*t + 12, 4*l + t - 14 = 0. Suppose l*a - u - 382 = 2*u, -5*u - 87 = -a. Let f = -53 + a. What is the units digit of f?
4
Let k = 9270 - 1840. What is the thousands digit of k?
7
Suppose 15*x + l - 124 = 11*x, 5*l = -5*x + 140. Suppose -28522 = -x*i + 6*i. What is the units digit of i?
7
Suppose -4*f + 4708 = -154816. What is the ten thousands digit of f?
3
Let x(p) = 10*p**2 - 7*p + 2. Let y = 2206 - 1022. Let q be (-4)/38 + y/(-304). What is the tens digit of x(q)?
9
Suppose -150*l + 180*l = 389190. What is the ten thousands digit of l?
1
Let r be (-1)/4 + (-13)/(-4). Suppose -p - 27 - 391 = -3*y, 0 = 3*y + r*p - 402. What is the hundreds digit of y + 8 + (-1 - 2)?
1
Let k(h) = -525*h**3 - 5*h - 4. Suppose -2*j = -0*j + 5*z + 2, z = 0. What is the hundreds digit of k(j)?
5
Let u = 29152 + 5317. What is the hundreds digit of u?
4
Let p = 330 + -139. Let x(m) = -3*m + p - 16*m - 195. What is the units digit of x(-1)?
5
Let m be 7/((-14)/40)*6/(-24). Suppose -18 - 2 = m*i, -6976 = -5*v + 4*i. What is the thousands digit of v?
1
What is the hundreds digit of 2 + (-23)/(46/(-19848)) - -7?
9
Let y be (-4)/24*16*(-6)/(-4). What is the hundreds digit of 43300/45 - y/(-18)?
9
Let g(z) = -2*z**3 - 64*z**2 + 23*z + 111. What is the ten thousands digit of g(-38)?
1
Let o = -15123 + 16204. What is the hundreds digit of o?
0
Let g(y) = 1. Let o(n) = 21*n**2 + 18*n + 9. Let p(c) = -5*g(c) + o(c). What is the tens digit of p(3)?
4
Let z(a) = -a**3 + 12*a**2 + 9*a - 20. Let d be z(9). Suppose -3*o = -2*o - d. Suppose -o = -9*k + 191. What is the tens digit of k?
5
Let m = 97 - 91. What is the hundreds digit of 0*m/18 + 406?
4
Suppose 8 = 5*m - 17, 3*w - 4*m + 5 = 0. Let g be -12*(4 + 438/(-12)). Suppose g = 5*z + 2*t - 290, w*z - t - 695 = 0. What is the units digit of z?
8
Let k(y) = -y**3 + 5*y**2 - 3*y + 4. Let c be k(4). Let h(p) = -4*p**2 + 9*p - 26. Let b be h(c). What is the tens digit of (b/4)/(39/(-52))?
7
Suppose 0 = 51*w - 22*w - 87. Suppose 0 = -2*i - 4, -3*c - w*i + 5713 = -2*i. What is the thousands digit of c?
1
Let o be -10*1/(30/(-12)). Suppose o*d + 337 = 5*d. What is the hundreds digit of d?
3
Let l(h) = -69*h**3 + h**2 - 5*h - 22. What is the tens digit of l(-4)?
3
Let t be -1 + 1 + (-1 - -123). Suppose -934*n = -938*n + 424. Let c = t - n. What is the tens digit of c?
1
Suppose -6*f = -13*f + 42. Suppose -18 = -5*o - 2*p - 1, 4*p = -2*o - f. What is the units digit of (1 + 2)/(-3) - (-405)/o?
0
Let l = -57 + 55. Let s be (-2)/(-4) - (l + 5/2). Suppose s = -2*c - 2*c + 332. What is the units digit of c?
3
Suppose 0 = -4*s + 2*h - 102, -5*s = -h + 92 + 28. Let b(t) = -27*t - 67. What is the tens digit of b(s)?
5
Let m(y) = -4*y**2 + 13*y + 28. Let h(l) = 7*l**2 - 27*l - 55. Let v(t) = 3*h(t) + 5*m(t). Let a(w) = -w + 11. Let i be a(-9). What is the tens digit of v(i)?
5
Let t = -291 + 297. What is the units digit of t/45*3 + 56/10?
6
Let z be (96/(-30) + 3)*0. Suppose 2*r + 3*v = 6*r - 392, z = 5*r + 3*v - 517. What is the tens digit of r?
0
What is the thousands digit of ((274/3)/(-2))/(((-128)/4776)/16)?
7
Let h(w) = -221*w + 420*w + 87 - 210*w + 24. What is the tens digit of h(-16)?
8
Let i = 39326 + -27612. What is the units digit of i?
4
Suppose 341*p - 20447317 = 30*p. What is the units digit of p?
7
Suppose -4*w + 10500 = 4*s, 2*w - 8*s + 13*s = 5244. What is the units digit of w?
7
Let u = 96 + -94. Suppose 0 = u*h + 4*t - 621 - 319, -3*t + 1419 = 3*h. What is the hundreds digit of h?
4
Let c = 11962 - -9403. What is the thousands digit of c?
1
Let m(g) = -g**3 - g**2 + 5. Let t be m(0). Suppose -q + 4*s - 6*s = -236, -q + 215 = -t*s. Suppose 0*p + q = 5*p. What is the units digit of p?
6
Suppose -7*v + 3*v = -5*i - 4900, -4*v - 2*i + 4928 = 0. Suppose -5586 = -12*z + v. What is the units digit of z?
8
Suppose 5*v - 167277 = 4*g, -5*g = 6*v - 10*v + 133827. What is the units digit of v?
3
What is the ten thousands digit of 965/(-1544) - 163370/(-16)?
1
Let i(z) = 25*z + 21*z**2 + 58 - z**3 + 9*z**2 - 27*z. Let v be i(30). What is the tens digit of -1 - (9248/(-51) - v/(-3))?
8
Let g = 2358 + -1681. Suppose 0 = -z + g + 65. What is the tens digit of z?
4
Suppose -7*a + 1498 = 7*a. Let l = 114 - a. Suppose -l*j = -0*j - 882. What is the hundreds digit of j?
1
Let n = -437 + -1208. Let h = -480 - n. What is the hundreds digit of h?
1
Let s = 5024 - -